{"id":5929,"date":"2021-03-11T18:36:18","date_gmt":"2021-03-11T18:36:18","guid":{"rendered":"https:\/\/fitreduction.com\/?page_id=5929"},"modified":"2021-03-26T21:48:38","modified_gmt":"2021-03-26T21:48:38","slug":"condiciones-generales-de-contratacion","status":"publish","type":"page","link":"https:\/\/fitreduction.com\/index.php\/condiciones-generales-de-contratacion\/","title":{"rendered":"Condiciones, Pagos y Env\u00edos"},"content":{"rendered":"\t\t<div data-elementor-type=\"wp-page\" data-elementor-id=\"5929\" class=\"elementor elementor-5929\">\n\t\t\t\t\t\t<section class=\"elementor-section elementor-top-section elementor-element elementor-element-b61a026 elementor-section-boxed elementor-section-height-default elementor-section-height-default\" data-id=\"b61a026\" data-element_type=\"section\">\n\t\t\t\t\t\t<div class=\"elementor-container elementor-column-gap-default\">\n\t\t\t\t\t<div class=\"elementor-column elementor-col-100 elementor-top-column elementor-element elementor-element-b3b4721\" data-id=\"b3b4721\" data-element_type=\"column\">\n\t\t\t<div class=\"elementor-widget-wrap elementor-element-populated\">\n\t\t\t\t\t\t<div class=\"elementor-element elementor-element-0c91671 elementor-widget elementor-widget-spacer\" data-id=\"0c91671\" data-element_type=\"widget\" data-widget_type=\"spacer.default\">\n\t\t\t\t<div class=\"elementor-widget-container\">\n\t\t\t\t\t\t\t<div class=\"elementor-spacer\">\n\t\t\t<div class=\"elementor-spacer-inner\"><\/div>\n\t\t<\/div>\n\t\t\t\t\t\t<\/div>\n\t\t\t\t<\/div>\n\t\t\t\t\t<\/div>\n\t\t<\/div>\n\t\t\t\t\t<\/div>\n\t\t<\/section>\n\t\t\t\t<section class=\"elementor-section elementor-top-section elementor-element elementor-element-67ce6b2 elementor-section-boxed elementor-section-height-default elementor-section-height-default\" data-id=\"67ce6b2\" data-element_type=\"section\">\n\t\t\t\t\t\t<div class=\"elementor-container elementor-column-gap-default\">\n\t\t\t\t\t<div class=\"elementor-column elementor-col-100 elementor-top-column elementor-element elementor-element-3e38f52\" data-id=\"3e38f52\" data-element_type=\"column\">\n\t\t\t<div class=\"elementor-widget-wrap elementor-element-populated\">\n\t\t\t\t\t\t<div class=\"elementor-element elementor-element-5cf379d elementor-widget elementor-widget-text-editor\" data-id=\"5cf379d\" data-element_type=\"widget\" data-widget_type=\"text-editor.default\">\n\t\t\t\t<div class=\"elementor-widget-container\">\n\t\t\t\t\t\t\t\t\t<p>Las presentes Condiciones Generales de Compra regulan el uso del sitio web fitreduction.com (en adelante \u201cel sitio web\u201d) del que FIT REDUCTION es titular. <span style=\"font-size: 16px; font-style: normal;\"><b>FIT <\/b><\/span><span style=\"font-size: 16px; font-style: normal;\"><b>REDUCTION <\/b><\/span>es una empresa con domicilio social en: Carrer Pere Compte, 17, 17005 &#8211; Girona (Espa\u00f1a). Cuyo CIF es: <b>X5324216S<\/b><\/p><p>La utilizaci\u00f3n por parte del cliente de los servicios de la tienda de internet de FITREDUCTION presupone, en todo caso, la adhesi\u00f3n a las Condiciones Generales de Compra en la versi\u00f3n publicada por FITREDUCTION\u00a0<span style=\"font-size: 16px;\">\u00a0en el momento mismo de la orden de compra. Por ello, es conveniente que el cliente lea estas Condiciones Generales antes de proceder a realizar una compra.<\/span><\/p><h3>AMBITO DEL CONTRATO<\/h3><p>Las presentes Condiciones Generales de Compra se aplican a la venta de todos los art\u00edculos de FITREDUCTION a trav\u00e9s de su p\u00e1gina web, a consumidores a quienes se les pueda entregar pedidos en Espa\u00f1a, exceptuando Ceuta, Melilla e Islas Canarias, a los cuales no pueden realizarse env\u00edos de la tienda online. FITREDUCTION se reserva el derecho a cancelar la cuenta de acceso de un cliente si se detectan actos fraudulentos, especulativos o de mala fe en la utilizaci\u00f3n de este servicio.<\/p><h3>PRECIO<\/h3><p>Los precios aplicables son los indicados en la p\u00e1gina web en la fecha del pedido. Los precios aparecen detallados en cada art\u00edculo e incluyen el I.V.A (Impuesto sobre Valor A\u00f1adido). El importe de los gastos de env\u00edo se indica al cliente de manera desglosada en el momento en que realice el pedido.<\/p><h3>PAGO<\/h3><p>Disponemos de dos modalidades de pago:<\/p><ol><li>Contrareembolso: se paga en efectivo despu\u00e9s de la entrega (explicado anteriormente). Se aplica un recargo de 4\u20ac por costes de gesti\u00f3n.<\/li><li>Pagar con tarjeta cr\u00e9dito\/d\u00e9bito: disponemos de un sistema peculiar para realizar el pago a trav\u00e9s de esta modalidad. Te lo explicamos a continuaci\u00f3n:<\/li><\/ol><ol><li><h5 class=\"timeline-item__card-title\">Finalizar compra<\/h5><div class=\"timeline-item__card-desc\">Despu\u00e9s de haber rellenado tus datos personales y direcci\u00f3n de env\u00edo, selecciona la opci\u00f3n de PAGAR CON TARJETA<\/div><\/li><li><h5 class=\"timeline-item__card-title\">Pagar a trav\u00e9s del link<\/h5><div class=\"timeline-item__card-desc\">Recibir\u00e1s un correo electr\u00f3nico con la confirmaci\u00f3n de la compra y un enlace para proceder a realizar el pago. Accede al enlace e introduce tus datos bancarios en la p\u00e1gina de pago y procede a finalizar la compra.<\/div><\/li><li><h5 class=\"timeline-item__card-title\">Pedido realizado<\/h5><div class=\"timeline-item__card-desc\">Volver\u00e1s a recibir un correo electr\u00f3nico de confirmaci\u00f3n del pago y el n\u00famero de seguimiento del env\u00edo para poder consultar el estado del pedido cuando tu desees.<\/div><\/li><\/ol><h3>ENTREGA<\/h3><p>El plazo de entrega depender\u00e1 de la elecci\u00f3n del cliente, seleccionando env\u00edo est\u00e1ndar (Plazo de 72h, 3 d\u00edas laborables de lunes a viernes) o env\u00edo urgente (Plazo de 24h, 1 d\u00eda laborable de lunes a viernes). La entrega de los pedidos se realizar\u00e1 en la direcci\u00f3n que indique el cliente atendiendo a las siguientes caracter\u00edsticas:<\/p><p><strong>No se realizan env\u00edos a Ceuta Melilla e Islas Canarias<\/strong>.<\/p><p><strong>Env\u00edo est\u00e1ndar:\u00a0<\/strong>El cliente deber\u00e1 abonar los gastos de transporte en compras inferiores a 50\u20ac. Estos env\u00edos aseguran la llegada del paquete al destino indicado en un plazo m\u00e1ximo de 72h, 3 los d\u00edas laborables (De lunes a viernes). a contar desde el d\u00eda que se realiza el pedido si es antes de las 12:00h, y desde el d\u00eda siguiente, si el pedido se realiza despu\u00e9s de las 12:00h.<\/p><p><strong>Env\u00edos \u201cexpress\u201d :\u00a0<\/strong>El cliente deber\u00e1 abonar los gastos de transporte independientemente del importe de la compra. Estos env\u00edos aseguran la llegada del paquete al destino indicado en un plazo m\u00e1ximo de 24h, 1 d\u00eda laborable (De lunes a viernes). a contar desde el d\u00eda que se realiza el pedido si es antes de las 12:00h, y desde el d\u00eda siguiente, si el pedido se realiza despu\u00e9s de las 12:00h.<\/p><h3>DEVOLUCIONES Y DESISTIMIENTO<\/h3><p>Existen distintos procedimientos para la realizaci\u00f3n de devoluciones y desistimientos. A continuaci\u00f3n describiremos las caracter\u00edsticas de cada uno de ellos, as\u00ed como sus costes y condiciones.<\/p><p><strong>Devoluci\u00f3n:<\/strong>\u00a0por causa de un defecto, recepci\u00f3n de un producto err\u00f3neo u otro motivo distinto a los anteriores.<br \/><strong>Desistimiento<\/strong>: originada por decisi\u00f3n del cliente.<\/p><p>\u2013 Todos los productos que vayan a ser devueltos deben ir debidamente embalados.<\/p><p>\u2013 Por razones de seguridad, no se admitir\u00e1n devoluciones de un producto que no est\u00e9 embalado y\/o pueda haber sido manipulado.<\/p><p>\u2013 No se realizar\u00e1 el reembolso de un producto que no est\u00e9 embalado con el doble precinto de seguridad.<\/p><h5>DEVOLUCIONES<\/h5><p><strong>Condiciones:\u00a0<\/strong>Dispones de 30 d\u00edas desde la recepci\u00f3n del producto\/s para realizar la devoluci\u00f3n en caso de que este tenga alguna tara, defecto, recepci\u00f3n de un producto err\u00f3neo u otro motivo distinto a los anteriores.<\/p><p><strong>\u2013 Coste:<\/strong> Las devoluciones, siempre y cuando tengan alg\u00fan defecto de f\u00e1brica o se haya recibido un producto diferente por error, no acarrear\u00e1 costes para el cliente. FITREDUCTION reembolsar\u00e1 el importe correspondiente al producto, descontando los gastos de env\u00edo est\u00e1ndar o express seg\u00fan la entrega inicial, o se repondr\u00e1 el producto (a elecci\u00f3n del comprador) sin demoras indebidas y, en cualquier caso, antes de que hayan transcurrido 14 d\u00edas naturales desde la fecha en que haya sido informado de la devoluci\u00f3n. La devoluci\u00f3n se realizar\u00e1 por el mismo medio de pago con el que se abon\u00f3. No obstante, FITREDUCTION podr\u00e1 retener el reembolso hasta haber recibido los bienes, o hasta que hayas presentado una prueba de la devoluci\u00f3n de los mismos, seg\u00fan qu\u00e9 condici\u00f3n se cumpla primero.<\/p><p><strong>\u2013 Procedimiento:<\/strong>\u00a0ponte en contacto con nuestro Servicio de Atenci\u00f3n al Cliente, a trav\u00e9s del correo electr\u00f3nico\u00a0<strong>info@fitreduction.com<\/strong>\u00a0y pasaremos a recoger el producto\/s a la direcci\u00f3n de entrega que indiques.<\/p><h4>DESISTIMIENTO<\/h4><p><strong>Condiciones:\u00a0<\/strong>Dispones de 14 d\u00edas naturales desde la recepci\u00f3n del producto\/s para realizar la devoluci\u00f3n o desistir del contrato sin necesidad de justificaci\u00f3n<\/p><p><strong>\u2013 Coste:<\/strong> Las devoluciones tienen un coste de gastos de recogida de 3,99\u20ac para el cliente. FITREDUCTION reembolsar\u00e1 el importe correspondiente al producto, descontando los gastos de env\u00edo est\u00e1ndar o express de la entrega inicial y los gastos indicados anteriormente de recogida est\u00e1ndar del producto sin demoras indebidas y, en cualquier caso, antes de que hayan transcurrido 14 d\u00edas naturales desde la fecha en que haya sido informado de la devoluci\u00f3n. La devoluci\u00f3n se realizar\u00e1 por el mismo medio de pago con el que se abon\u00f3. No obstante, FITREDUCTION podr\u00e1 retener el reembolso hasta haber recibido los bienes, o hasta que hayas presentado una prueba de la devoluci\u00f3n de los mismos, seg\u00fan qu\u00e9 condici\u00f3n se cumpla primero.<\/p><p><strong>\u2013 Procedimiento:<\/strong> ponte en contacto con nuestro Servicio de Atenci\u00f3n al Cliente, a trav\u00e9s del correo electr\u00f3nico <strong>info@fitreduction.com<\/strong>\u00a0y pasaremos a recoger el producto\/s a la direcci\u00f3n de entrega que indiques.<\/p><h3>DISPONIBILIDAD DE LOS PRODUCTOS<\/h3><p>Si se producen incidencias en cuanto a su suministro o si no quedan productos en stock, el cliente ser\u00e1 informado inmediatamente y se proceder\u00e1 al reembolso del importe del producto o productos sin stock. FITREDUCTION reembolsar\u00e1 el importe correspondiente sin demoras indebidas y, en cualquier caso, antes de que hayan transcurrido 14 d\u00edas naturales. El reembolso se realizar\u00e1 por el mismo medio de pago con el que se abon\u00f3.<\/p><h3>ATENCI\u00d3N AL CLIENTE<\/h3><p>Para cualquier duda, sugerencia, consulta o reclamaci\u00f3n sobre la tienda online, puede dirigirse al Servicio de Atenci\u00f3n al Cliente, a trav\u00e9s del\u00a0<a href=\"https:\/\/www.navitplus.com\/contacto\/\" target=\"_blank\" rel=\"noopener\">siguiente formulario<\/a> o escribirnos a la siguiente direcci\u00f3n de correo electr\u00f3nico: <strong>info@fitreduction.com<\/strong><\/p><h3>MODIFICACI\u00d3N DE LAS CONDICIONES GENERALES DE COMPRA<\/h3><p>FITREDUCTION se reserva el derecho de modificar en cualquier momento las presentes Condiciones Generales de Compra. Ninguna modificaci\u00f3n afectar\u00e1 a los pedidos que ya est\u00e9n en curso<\/p>\t\t\t\t\t\t\t\t<\/div>\n\t\t\t\t<\/div>\n\t\t\t\t\t<\/div>\n\t\t<\/div>\n\t\t\t\t\t<\/div>\n\t\t<\/section>\n\t\t\t\t<\/div>\n\t\t\n    <div class=\"xs_social_share_widget xs_share_url after_content \t\tmain_content  wslu-style-1 wslu-share-box-shaped wslu-fill-colored wslu-none wslu-share-horizontal wslu-theme-font-no wslu-main_content\">\n\n\t\t\n        <ul>\n\t\t\t        <\/ul>\n    <\/div> \n","protected":false},"excerpt":{"rendered":"<p>Las presentes Condiciones Generales de Compra regulan el uso del sitio web fitreduction.com (en adelante \u201cel sitio web\u201d) del que FIT REDUCTION es titular. FIT REDUCTION es una empresa con domicilio social en: Carrer Pere Compte, 17, 17005 &#8211; Girona (Espa\u00f1a). Cuyo CIF es: X5324216S La utilizaci\u00f3n por parte del cliente de los servicios de [&hellip;]<\/p>\n","protected":false},"author":1,"featured_media":0,"parent":0,"menu_order":0,"comment_status":"closed","ping_status":"closed","template":"","meta":{"postBodyCss":"","postBodyMargin":[],"postBodyPadding":[],"postBodyBackground":{"backgroundType":"classic","gradient":""},"site-sidebar-layout":"no-sidebar","site-content-layout":"page-builder","ast-site-content-layout":"","site-content-style":"default","site-sidebar-style":"default","ast-global-header-display":"","ast-banner-title-visibility":"","ast-main-header-display":"","ast-hfb-above-header-display":"","ast-hfb-below-header-display":"","ast-hfb-mobile-header-display":"","site-post-title":"disabled","ast-breadcrumbs-content":"","ast-featured-img":"disabled","footer-sml-layout":"","theme-transparent-header-meta":"default","adv-header-id-meta":"","stick-header-meta":"","header-above-stick-meta":"","header-main-stick-meta":"","header-below-stick-meta":"","astra-migrate-meta-layouts":"default","ast-page-background-enabled":"default","ast-page-background-meta":{"desktop":{"background-color":"var(--ast-global-color-4)","background-image":"","background-repeat":"repeat","background-position":"center center","background-size":"auto","background-attachment":"scroll","background-type":"","background-media":"","overlay-type":"","overlay-color":"","overlay-gradient":""},"tablet":{"background-color":"","background-image":"","background-repeat":"repeat","background-position":"center center","background-size":"auto","background-attachment":"scroll","background-type":"","background-media":"","overlay-type":"","overlay-color":"","overlay-gradient":""},"mobile":{"background-color":"","background-image":"","background-repeat":"repeat","background-position":"center center","background-size":"auto","background-attachment":"scroll","background-type":"","background-media":"","overlay-type":"","overlay-color":"","overlay-gradient":""}},"ast-content-background-meta":{"desktop":{"background-color":"var(--ast-global-color-5)","background-image":"","background-repeat":"repeat","background-position":"center center","background-size":"auto","background-attachment":"scroll","background-type":"","background-media":"","overlay-type":"","overlay-color":"","overlay-gradient":""},"tablet":{"background-color":"var(--ast-global-color-5)","background-image":"","background-repeat":"repeat","background-position":"center center","background-size":"auto","background-attachment":"scroll","background-type":"","background-media":"","overlay-type":"","overlay-color":"","overlay-gradient":""},"mobile":{"background-color":"var(--ast-global-color-5)","background-image":"","background-repeat":"repeat","background-position":"center center","background-size":"auto","background-attachment":"scroll","background-type":"","background-media":"","overlay-type":"","overlay-color":"","overlay-gradient":""}},"footnotes":""},"class_list":["post-5929","page","type-page","status-publish","hentry"],"_links":{"self":[{"href":"https:\/\/fitreduction.com\/index.php\/wp-json\/wp\/v2\/pages\/5929","targetHints":{"allow":["GET"]}}],"collection":[{"href":"https:\/\/fitreduction.com\/index.php\/wp-json\/wp\/v2\/pages"}],"about":[{"href":"https:\/\/fitreduction.com\/index.php\/wp-json\/wp\/v2\/types\/page"}],"author":[{"embeddable":true,"href":"https:\/\/fitreduction.com\/index.php\/wp-json\/wp\/v2\/users\/1"}],"replies":[{"embeddable":true,"href":"https:\/\/fitreduction.com\/index.php\/wp-json\/wp\/v2\/comments?post=5929"}],"version-history":[{"count":14,"href":"https:\/\/fitreduction.com\/index.php\/wp-json\/wp\/v2\/pages\/5929\/revisions"}],"predecessor-version":[{"id":5961,"href":"https:\/\/fitreduction.com\/index.php\/wp-json\/wp\/v2\/pages\/5929\/revisions\/5961"}],"wp:attachment":[{"href":"https:\/\/fitreduction.com\/index.php\/wp-json\/wp\/v2\/media?parent=5929"}],"curies":[{"name":"wp","href":"https:\/\/api.w.org\/{rel}","templated":true}]}}